{"id":361435,"date":"2026-02-24T09:58:48","date_gmt":"2026-02-24T08:58:48","guid":{"rendered":"https:\/\/devetoper.com\/properties\/his951-5\/"},"modified":"2026-02-24T09:58:48","modified_gmt":"2026-02-24T08:58:48","slug":"his951-5","status":"publish","type":"property","link":"https:\/\/dev003.devetoper.com\/de\/properties\/his951-5\/","title":{"rendered":"HIS951"},"content":{"rendered":"<p><strong><span dir=\"auto\">Plaza de La Lila<\/span><\/strong><span dir=\"auto\">bietet das Privileg, im Herzen von Oviedo zu wohnen, in strategisch g\u00fcnstiger Lage in der Stadt, neben El Corte Ingl\u00e9s, genauer gesagt in der Calle General Elorza Nr. 67, Ecke Calle La Lila, nur 5 Minuten von der Calle Ur\u00eda entfernt.<\/span><\/p>\n<p><span dir=\"auto\">Eine wahre Oase der Ruhe und Stille, die die Ruhe der Plaza de La Lila mit der Lebendigkeit und den Dienstleistungen der Calle General Elorza perfekt verbindet.<\/span><\/p>\n<p><span dir=\"auto\">Plaza de La Lila bietet Studios und Apartments mit 1 oder 2 Schlafzimmern, Parkplatz und Abstellraum in einem Wohnkomplex mit moderner Architektur, Coworking-Bereich, Mehrzweckraum und Gemeinschaftsbereich, in dem Licht eine wichtige Rolle spielt.<\/span><\/p>\n<p><span dir=\"auto\">Design und Licht verbinden sich zu einem neuen urbanen Lebensraum, der sich perfekt in seine Umgebung einf\u00fcgt.<\/span><\/p>\n<p><strong><span dir=\"auto\">Plaza de La Lila<\/span><\/strong><span dir=\"auto\">ist eine kluge Wahl in Bezug auf das Preis-Leistungs-Verh\u00e4ltnis. Es ist eine kluge Entscheidung f\u00fcr ein komfortables und ruhiges Leben, ohne auf etwas verzichten zu m\u00fcssen.<\/span><\/p>\n<p><strong><span dir=\"auto\">Plaza de La Lila<\/span><\/strong><span dir=\"auto\">befindet sich im Zentrum von Oviedo, in der Calle General Elorza, im Stadtteil Salesas, ganz in der N\u00e4he des Campo de San Francisco, der gr\u00fcnen Lunge der Stadt und einem der gr\u00f6\u00dften Stadtparks des F\u00fcrstentums.<\/span><\/p>\n<p><span dir=\"auto\">Die Immobilie befindet sich in einer gut erschlossenen Gegend, in der alle Dienstleistungen und Annehmlichkeiten leicht erreichbar sind, was sie ideal zum Wohnen oder Investieren mit voller Freiheit macht.<\/span><\/p>\n<p><span dir=\"auto\">Neben der strategisch g\u00fcnstigen Lage bietet das Objekt eine gute Anbindung an die Stadt und zur\u00fcck und befindet sich in der N\u00e4he des Busbahnhofs und des Feve-Bahnhofs.<\/span><\/p>\n<p><strong><span dir=\"auto\">Die Plaza de La Lila<\/span><\/strong><span dir=\"auto\">ist ein Ort in einer ruhigen Gegend, fernab vom Trubel rund um den Palacete de La Lila, der Ruhe und urbane Energie vereint.<\/span><\/p>\n","protected":false},"excerpt":{"rendered":"<p>Plaza de La Lilabietet das Privileg, im Herzen von Oviedo zu wohnen, in strategisch g\u00fcnstiger Lage in der Stadt, neben El Corte Ingl\u00e9s, genauer gesagt in der Calle General Elorza Nr. 67, Ecke Calle La Lila, nur 5 Minuten von der Calle Ur\u00eda entfernt. Eine wahre Oase der Ruhe und Stille, die die Ruhe der&#8230;<\/p>\n","protected":false},"author":1156,"featured_media":0,"menu_order":0,"template":"","meta":{"_acf_changed":false,"_kad_blocks_custom_css":"","_kad_blocks_head_custom_js":"","_kad_blocks_body_custom_js":"","_kad_blocks_footer_custom_js":"","_kad_post_transparent":"","_kad_post_title":"","_kad_post_layout":"","_kad_post_sidebar_id":"","_kad_post_content_style":"","_kad_post_vertical_padding":"","_kad_post_feature":"","_kad_post_feature_position":"","_kad_post_header":false,"_kad_post_footer":false,"_joinchat":[],"footnotes":""},"categories":[],"tags":[],"class_list":["post-361435","property","type-property","status-publish","hentry"],"acf":{"add_photos":[314214,314240,314264,314266,314267,314268],"video":""},"yoast_head":"<!-- This site is optimized with the Yoast SEO plugin v24.5 - https:\/\/yoast.com\/wordpress\/plugins\/seo\/ -->\n<title>HIS951 - Devetoper<\/title>\n<meta name=\"robots\" content=\"noindex, follow\" \/>\n<meta property=\"og:locale\" content=\"de_DE\" \/>\n<meta property=\"og:type\" content=\"article\" \/>\n<meta property=\"og:title\" content=\"HIS951 - Devetoper\" \/>\n<meta property=\"og:description\" content=\"Plaza de La Lilabietet das Privileg, im Herzen von Oviedo zu wohnen, in strategisch g\u00fcnstiger Lage in der Stadt, neben El Corte Ingl\u00e9s, genauer gesagt in der Calle General Elorza Nr. 67, Ecke Calle La Lila, nur 5 Minuten von der Calle Ur\u00eda entfernt. Eine wahre Oase der Ruhe und Stille, die die Ruhe der...\" \/>\n<meta property=\"og:url\" content=\"https:\/\/dev003.devetoper.com\/de\/properties\/his951-5\/\" \/>\n<meta property=\"og:site_name\" content=\"Devetoper\" \/>\n<meta property=\"article:publisher\" content=\"https:\/\/www.facebook.com\/DEVETOPERCOM\" \/>\n<meta property=\"og:image\" content=\"https:\/\/dev003.devetoper.com\/wp-content\/uploads\/2024\/05\/FALLBACK.png\" \/>\n\t<meta property=\"og:image:width\" content=\"1200\" \/>\n\t<meta property=\"og:image:height\" content=\"675\" \/>\n\t<meta property=\"og:image:type\" content=\"image\/png\" \/>\n<meta name=\"twitter:card\" content=\"summary_large_image\" \/>\n<meta name=\"twitter:site\" content=\"@DEVETOPER\" \/>\n<meta name=\"twitter:label1\" content=\"Gesch\u00e4tzte Lesezeit\" \/>\n\t<meta name=\"twitter:data1\" content=\"1 minute\" \/>\n<script type=\"application\/ld+json\" class=\"yoast-schema-graph\">{\"@context\":\"https:\/\/schema.org\",\"@graph\":[{\"@type\":[\"WebPage\",\"RealEstateListing\"],\"@id\":\"https:\/\/dev003.devetoper.com\/de\/properties\/his951-5\/\",\"url\":\"https:\/\/dev003.devetoper.com\/de\/properties\/his951-5\/\",\"name\":\"HIS951 - Devetoper\",\"isPartOf\":{\"@id\":\"https:\/\/devetoper.com\/#website\"},\"datePublished\":\"2026-02-24T08:58:48+00:00\",\"breadcrumb\":{\"@id\":\"https:\/\/dev003.devetoper.com\/de\/properties\/his951-5\/#breadcrumb\"},\"inLanguage\":\"de-DE\",\"potentialAction\":[{\"@type\":\"ReadAction\",\"target\":[\"https:\/\/dev003.devetoper.com\/de\/properties\/his951-5\/\"]}]},{\"@type\":\"BreadcrumbList\",\"@id\":\"https:\/\/dev003.devetoper.com\/de\/properties\/his951-5\/#breadcrumb\",\"itemListElement\":[{\"@type\":\"ListItem\",\"position\":1,\"name\":\"Startseite\",\"item\":\"https:\/\/devetoper.com\/de\/\"},{\"@type\":\"ListItem\",\"position\":2,\"name\":\"Properties\",\"item\":\"https:\/\/dev003.devetoper.com\/de\/properties\/\"},{\"@type\":\"ListItem\",\"position\":3,\"name\":\"HIS951\"}]},{\"@type\":\"WebSite\",\"@id\":\"https:\/\/devetoper.com\/#website\",\"url\":\"https:\/\/devetoper.com\/\",\"name\":\"Devetoper\",\"description\":\"\u041f\u0440\u043e\u0444\u0435\u0441\u0441\u0438\u043e\u043d\u0430\u043b\u0438\u0437\u043c, \u043e\u0431\u0435\u0441\u043f\u0435\u0447\u0438\u0432\u0430\u044e\u0449\u0438\u0439 \u0431\u0435\u0437\u043e\u043f\u0430\u0441\u043d\u043e\u0441\u0442\u044c \u043a\u0430\u0436\u0434\u043e\u0439 \u0442\u0440\u0430\u043d\u0437\u0430\u043a\u0446\u0438\u0438\",\"publisher\":{\"@id\":\"https:\/\/devetoper.com\/#organization\"},\"potentialAction\":[{\"@type\":\"SearchAction\",\"target\":{\"@type\":\"EntryPoint\",\"urlTemplate\":\"https:\/\/devetoper.com\/?s={search_term_string}\"},\"query-input\":{\"@type\":\"PropertyValueSpecification\",\"valueRequired\":true,\"valueName\":\"search_term_string\"}}],\"inLanguage\":\"de-DE\"},{\"@type\":\"Organization\",\"@id\":\"https:\/\/devetoper.com\/#organization\",\"name\":\"Devetoper\",\"url\":\"https:\/\/devetoper.com\/\",\"logo\":{\"@type\":\"ImageObject\",\"inLanguage\":\"de-DE\",\"@id\":\"https:\/\/devetoper.com\/#\/schema\/logo\/image\/\",\"url\":\"https:\/\/devetoper.com\/wp-content\/uploads\/2024\/05\/ORG_FALLBACK.png\",\"contentUrl\":\"https:\/\/devetoper.com\/wp-content\/uploads\/2024\/05\/ORG_FALLBACK.png\",\"width\":696,\"height\":696,\"caption\":\"Devetoper\"},\"image\":{\"@id\":\"https:\/\/devetoper.com\/#\/schema\/logo\/image\/\"},\"sameAs\":[\"https:\/\/www.facebook.com\/DEVETOPERCOM\",\"https:\/\/x.com\/DEVETOPER\",\"https:\/\/www.youtube.com\/channel\/UCRF8haCQIXnFKmW464sqApQ\",\"https:\/\/www.tiktok.com\/@devetoper\",\"https:\/\/www.instagram.com\/devetoper_\/\"]}]}<\/script>\n<!-- \/ Yoast SEO plugin. -->","yoast_head_json":{"title":"HIS951 - Devetoper","robots":{"index":"noindex","follow":"follow"},"og_locale":"de_DE","og_type":"article","og_title":"HIS951 - Devetoper","og_description":"Plaza de La Lilabietet das Privileg, im Herzen von Oviedo zu wohnen, in strategisch g\u00fcnstiger Lage in der Stadt, neben El Corte Ingl\u00e9s, genauer gesagt in der Calle General Elorza Nr. 67, Ecke Calle La Lila, nur 5 Minuten von der Calle Ur\u00eda entfernt. Eine wahre Oase der Ruhe und Stille, die die Ruhe der...","og_url":"https:\/\/dev003.devetoper.com\/de\/properties\/his951-5\/","og_site_name":"Devetoper","article_publisher":"https:\/\/www.facebook.com\/DEVETOPERCOM","og_image":[{"width":1200,"height":675,"url":"https:\/\/dev003.devetoper.com\/wp-content\/uploads\/2024\/05\/FALLBACK.png","type":"image\/png"}],"twitter_card":"summary_large_image","twitter_site":"@DEVETOPER","twitter_misc":{"Gesch\u00e4tzte Lesezeit":"1 minute"},"schema":{"@context":"https:\/\/schema.org","@graph":[{"@type":["WebPage","RealEstateListing"],"@id":"https:\/\/dev003.devetoper.com\/de\/properties\/his951-5\/","url":"https:\/\/dev003.devetoper.com\/de\/properties\/his951-5\/","name":"HIS951 - Devetoper","isPartOf":{"@id":"https:\/\/devetoper.com\/#website"},"datePublished":"2026-02-24T08:58:48+00:00","breadcrumb":{"@id":"https:\/\/dev003.devetoper.com\/de\/properties\/his951-5\/#breadcrumb"},"inLanguage":"de-DE","potentialAction":[{"@type":"ReadAction","target":["https:\/\/dev003.devetoper.com\/de\/properties\/his951-5\/"]}]},{"@type":"BreadcrumbList","@id":"https:\/\/dev003.devetoper.com\/de\/properties\/his951-5\/#breadcrumb","itemListElement":[{"@type":"ListItem","position":1,"name":"Startseite","item":"https:\/\/devetoper.com\/de\/"},{"@type":"ListItem","position":2,"name":"Properties","item":"https:\/\/dev003.devetoper.com\/de\/properties\/"},{"@type":"ListItem","position":3,"name":"HIS951"}]},{"@type":"WebSite","@id":"https:\/\/devetoper.com\/#website","url":"https:\/\/devetoper.com\/","name":"Devetoper","description":"\u041f\u0440\u043e\u0444\u0435\u0441\u0441\u0438\u043e\u043d\u0430\u043b\u0438\u0437\u043c, \u043e\u0431\u0435\u0441\u043f\u0435\u0447\u0438\u0432\u0430\u044e\u0449\u0438\u0439 \u0431\u0435\u0437\u043e\u043f\u0430\u0441\u043d\u043e\u0441\u0442\u044c \u043a\u0430\u0436\u0434\u043e\u0439 \u0442\u0440\u0430\u043d\u0437\u0430\u043a\u0446\u0438\u0438","publisher":{"@id":"https:\/\/devetoper.com\/#organization"},"potentialAction":[{"@type":"SearchAction","target":{"@type":"EntryPoint","urlTemplate":"https:\/\/devetoper.com\/?s={search_term_string}"},"query-input":{"@type":"PropertyValueSpecification","valueRequired":true,"valueName":"search_term_string"}}],"inLanguage":"de-DE"},{"@type":"Organization","@id":"https:\/\/devetoper.com\/#organization","name":"Devetoper","url":"https:\/\/devetoper.com\/","logo":{"@type":"ImageObject","inLanguage":"de-DE","@id":"https:\/\/devetoper.com\/#\/schema\/logo\/image\/","url":"https:\/\/devetoper.com\/wp-content\/uploads\/2024\/05\/ORG_FALLBACK.png","contentUrl":"https:\/\/devetoper.com\/wp-content\/uploads\/2024\/05\/ORG_FALLBACK.png","width":696,"height":696,"caption":"Devetoper"},"image":{"@id":"https:\/\/devetoper.com\/#\/schema\/logo\/image\/"},"sameAs":["https:\/\/www.facebook.com\/DEVETOPERCOM","https:\/\/x.com\/DEVETOPER","https:\/\/www.youtube.com\/channel\/UCRF8haCQIXnFKmW464sqApQ","https:\/\/www.tiktok.com\/@devetoper","https:\/\/www.instagram.com\/devetoper_\/"]}]}},"taxonomy_info":[],"featured_image_src_large":false,"author_info":{"display_name":"DEVETOPER","author_link":"https:\/\/dev003.devetoper.com\/de\/author\/devetoper\/"},"comment_info":"","jetpack_sharing_enabled":true,"_links":{"self":[{"href":"https:\/\/dev003.devetoper.com\/de\/wp-json\/wp\/v2\/property\/361435","targetHints":{"allow":["GET"]}}],"collection":[{"href":"https:\/\/dev003.devetoper.com\/de\/wp-json\/wp\/v2\/property"}],"about":[{"href":"https:\/\/dev003.devetoper.com\/de\/wp-json\/wp\/v2\/types\/property"}],"author":[{"embeddable":true,"href":"https:\/\/dev003.devetoper.com\/de\/wp-json\/wp\/v2\/users\/1156"}],"version-history":[{"count":0,"href":"https:\/\/dev003.devetoper.com\/de\/wp-json\/wp\/v2\/property\/361435\/revisions"}],"acf:attachment":[{"embeddable":true,"href":"https:\/\/dev003.devetoper.com\/de\/wp-json\/wp\/v2\/media\/314268"},{"embeddable":true,"href":"https:\/\/dev003.devetoper.com\/de\/wp-json\/wp\/v2\/media\/314267"},{"embeddable":true,"href":"https:\/\/dev003.devetoper.com\/de\/wp-json\/wp\/v2\/media\/314266"},{"embeddable":true,"href":"https:\/\/dev003.devetoper.com\/de\/wp-json\/wp\/v2\/media\/314264"},{"embeddable":true,"href":"https:\/\/dev003.devetoper.com\/de\/wp-json\/wp\/v2\/media\/314240"},{"embeddable":true,"href":"https:\/\/dev003.devetoper.com\/de\/wp-json\/wp\/v2\/media\/314214"}],"wp:attachment":[{"href":"https:\/\/dev003.devetoper.com\/de\/wp-json\/wp\/v2\/media?parent=361435"}],"wp:term":[{"taxonomy":"category","embeddable":true,"href":"https:\/\/dev003.devetoper.com\/de\/wp-json\/wp\/v2\/categories?post=361435"},{"taxonomy":"post_tag","embeddable":true,"href":"https:\/\/dev003.devetoper.com\/de\/wp-json\/wp\/v2\/tags?post=361435"}],"curies":[{"name":"wp","href":"https:\/\/api.w.org\/{rel}","templated":true}]}}

<p><strong><span dir="auto">Plaza de La Lila</span></strong><span dir="auto">bietet das Privileg, im Herzen von Oviedo zu wohnen, in strategisch günstiger Lage in der Stadt, neben El Corte Inglés, genauer gesagt in der Calle General Elorza Nr. 67, Ecke Calle La Lila, nur 5 Minuten von der Calle Uría entfernt.</span></p>
<p><span dir="auto">Eine wahre Oase der Ruhe und Stille, die die Ruhe der Plaza de La Lila mit der Lebendigkeit und den Dienstleistungen der Calle General Elorza perfekt verbindet.</span></p>
<p><span dir="auto">Plaza de La Lila bietet Studios und Apartments mit 1 oder 2 Schlafzimmern, Parkplatz und Abstellraum in einem Wohnkomplex mit moderner Architektur, Coworking-Bereich, Mehrzweckraum und Gemeinschaftsbereich, in dem Licht eine wichtige Rolle spielt.</span></p>
<p><span dir="auto">Design und Licht verbinden sich zu einem neuen urbanen Lebensraum, der sich perfekt in seine Umgebung einfügt.</span></p>
<p><strong><span dir="auto">Plaza de La Lila</span></strong><span dir="auto">ist eine kluge Wahl in Bezug auf das Preis-Leistungs-Verhältnis. Es ist eine kluge Entscheidung für ein komfortables und ruhiges Leben, ohne auf etwas verzichten zu müssen.</span></p>
<p><strong><span dir="auto">Plaza de La Lila</span></strong><span dir="auto">befindet sich im Zentrum von Oviedo, in der Calle General Elorza, im Stadtteil Salesas, ganz in der Nähe des Campo de San Francisco, der grünen Lunge der Stadt und einem der größten Stadtparks des Fürstentums.</span></p>
<p><span dir="auto">Die Immobilie befindet sich in einer gut erschlossenen Gegend, in der alle Dienstleistungen und Annehmlichkeiten leicht erreichbar sind, was sie ideal zum Wohnen oder Investieren mit voller Freiheit macht.</span></p>
<p><span dir="auto">Neben der strategisch günstigen Lage bietet das Objekt eine gute Anbindung an die Stadt und zurück und befindet sich in der Nähe des Busbahnhofs und des Feve-Bahnhofs.</span></p>
<p><strong><span dir="auto">Die Plaza de La Lila</span></strong><span dir="auto">ist ein Ort in einer ruhigen Gegend, fernab vom Trubel rund um den Palacete de La Lila, der Ruhe und urbane Energie vereint.</span></p>

<p>Plaza de La Lilabietet das Privileg, im Herzen von Oviedo zu wohnen, in strategisch günstiger Lage in der Stadt, neben El Corte Inglés, genauer gesagt in der Calle General Elorza Nr. 67, Ecke Calle La Lila, nur 5 Minuten von der Calle Uría entfernt. Eine wahre Oase der Ruhe und Stille, die die Ruhe der&#8230;</p>

<!-- This site is optimized with the Yoast SEO plugin v24.5 - https://yoast.com/wordpress/plugins/seo/ -->
<title>HIS951 - Devetoper</title>
<meta name="robots" content="noindex, follow" />
<meta property="og:locale" content="de_DE" />
<meta property="og:type" content="article" />
<meta property="og:title" content="HIS951 - Devetoper" />
<meta property="og:description" content="Plaza de La Lilabietet das Privileg, im Herzen von Oviedo zu wohnen, in strategisch günstiger Lage in der Stadt, neben El Corte Inglés, genauer gesagt in der Calle General Elorza Nr. 67, Ecke Calle La Lila, nur 5 Minuten von der Calle Uría entfernt. Eine wahre Oase der Ruhe und Stille, die die Ruhe der..." />
<meta property="og:url" content="https://dev003.devetoper.com/de/properties/his951-5/" />
<meta property="og:site_name" content="Devetoper" />
<meta property="article:publisher" content="https://www.facebook.com/DEVETOPERCOM" />
<meta property="og:image" content="https://dev003.devetoper.com/wp-content/uploads/2024/05/FALLBACK.png" />
	<meta property="og:image:width" content="1200" />
	<meta property="og:image:height" content="675" />
	<meta property="og:image:type" content="image/png" />
<meta name="twitter:card" content="summary_large_image" />
<meta name="twitter:site" content="@DEVETOPER" />
<meta name="twitter:label1" content="Geschätzte Lesezeit" />
	<meta name="twitter:data1" content="1 minute" />
<script type="application/ld+json" class="yoast-schema-graph">{"@context":"https://schema.org","@graph":[{"@type":["WebPage","RealEstateListing"],"@id":"https://dev003.devetoper.com/de/properties/his951-5/","url":"https://dev003.devetoper.com/de/properties/his951-5/","name":"HIS951 - Devetoper","isPartOf":{"@id":"https://devetoper.com/#website"},"datePublished":"2026-02-24T08:58:48+00:00","breadcrumb":{"@id":"https://dev003.devetoper.com/de/properties/his951-5/#breadcrumb"},"inLanguage":"de-DE","potentialAction":[{"@type":"ReadAction","target":["https://dev003.devetoper.com/de/properties/his951-5/"]}]},{"@type":"BreadcrumbList","@id":"https://dev003.devetoper.com/de/properties/his951-5/#breadcrumb","itemListElement":[{"@type":"ListItem","position":1,"name":"Startseite","item":"https://devetoper.com/de/"},{"@type":"ListItem","position":2,"name":"Properties","item":"https://dev003.devetoper.com/de/properties/"},{"@type":"ListItem","position":3,"name":"HIS951"}]},{"@type":"WebSite","@id":"https://devetoper.com/#website","url":"https://devetoper.com/","name":"Devetoper","description":"Профессионализм, обеспечивающий безопасность каждой транзакции","publisher":{"@id":"https://devetoper.com/#organization"},"potentialAction":[{"@type":"SearchAction","target":{"@type":"EntryPoint","urlTemplate":"https://devetoper.com/?s={search_term_string}"},"query-input":{"@type":"PropertyValueSpecification","valueRequired":true,"valueName":"search_term_string"}}],"inLanguage":"de-DE"},{"@type":"Organization","@id":"https://devetoper.com/#organization","name":"Devetoper","url":"https://devetoper.com/","logo":{"@type":"ImageObject","inLanguage":"de-DE","@id":"https://devetoper.com/#/schema/logo/image/","url":"https://devetoper.com/wp-content/uploads/2024/05/ORG_FALLBACK.png","contentUrl":"https://devetoper.com/wp-content/uploads/2024/05/ORG_FALLBACK.png","width":696,"height":696,"caption":"Devetoper"},"image":{"@id":"https://devetoper.com/#/schema/logo/image/"},"sameAs":["https://www.facebook.com/DEVETOPERCOM","https://x.com/DEVETOPER","https://www.youtube.com/channel/UCRF8haCQIXnFKmW464sqApQ","https://www.tiktok.com/@devetoper","https://www.instagram.com/devetoper_/"]}]}</script>
<!-- / Yoast SEO plugin. -->

Plaza de La Lilabietet das Privileg, im Herzen von Oviedo zu wohnen, in strategisch günstiger Lage in der Stadt, neben El Corte Inglés, genauer gesagt in der Calle General Elorza Nr. 67, Ecke Calle La Lila, nur 5 Minuten von der Calle Uría entfernt. Eine wahre Oase der Ruhe und Stille, die die Ruhe der...

Профессионализм, обеспечивающий безопасность каждой транзакции
